{"id":2912,"date":"2020-06-15T15:45:19","date_gmt":"2020-06-15T12:45:19","guid":{"rendered":"https:\/\/www.orgbalt.eu\/?page_id=2912"},"modified":"2025-01-20T20:00:09","modified_gmt":"2025-01-20T17:00:09","slug":"c1-zinasanu-ieguve-par-seg-emisijam-no-augligam-organiskajam-augsnem","status":"publish","type":"page","link":"https:\/\/www.orgbalt.eu\/?page_id=2912&lang=lv","title":{"rendered":"C1 &#8211; Zin\u0101\u0161anu ieguve par SEG emisij\u0101m no augl\u012bg\u0101m organiskaj\u0101m augsn\u0113m"},"content":{"rendered":"\n<h5 class=\"wp-block-heading\">M\u0113r\u0137i:<\/h5>\n\n\n\n<p>Zin\u0101\u0161anu ieguve par SEG emisij\u0101m no nosusin\u0101t\u0101m augl\u012bg\u0101m organiskaj\u0101m augsn\u0113m, izstr\u0101d\u0101jot un p\u0101rbaudot SEG emisiju faktorus un darb\u012bbas datus lauksaimniec\u012bbas zem\u0113s, z\u0101l\u0101jos un me\u017ea zem\u0113s. Zin\u0101tniski pamatotu klimata p\u0101rmai\u0146u mazin\u0101\u0161anas pas\u0101kumu ievie\u0161anas augl\u012bgu organisko aug\u0161\u0146u apsaimnieko\u0161an\u0101 ietekmes nov\u0113rt\u0113\u0161ana.<\/p>\n\n\n\n<p><\/p>\n\n\n\n<h6 class=\"wp-block-heading\">Nodevumi (ang\u013cu valod\u0101): <\/h6>\n\n\n\n<ul class=\"wp-block-list\">\n<li><a href=\"https:\/\/www.orgbalt.eu\/wp-content\/uploads\/2024\/11\/2021_C1_1_-Report-on-carbon-inputs-with-litter-and-fineroots-in-forests-on-organic-soils_.pdf\" target=\"_blank\" rel=\"noreferrer noopener\"><strong>C.1.1. Zi\u0146ojums par oglek\u013ca ienesi ar kritu\u0161aj\u0101m lap\u0101m un smalkaj\u0101m sakn\u0113m me\u017eos uz organiskaj\u0101m augsn\u0113m<\/strong><\/a><\/li>\n\n\n\n<li><a href=\"https:\/\/www.orgbalt.eu\/wp-content\/uploads\/2024\/08\/C-1_2-Catalogue-CCM_.pdf\" target=\"_blank\" rel=\"noreferrer noopener\"><strong>C.1.2. (Pirm\u0101 posma zi\u0146ojums) Klimata p\u0101rmai\u0146u mazin\u0101\u0161anas pas\u0101kumu katalogs<\/strong><\/a><\/li>\n\n\n\n<li><a href=\"https:\/\/www.orgbalt.eu\/wp-content\/uploads\/2024\/11\/2024_C1_2_Catalogue-of-CCM-actions_.pdf\"><strong>C.1.2. <\/strong><\/a><a href=\"https:\/\/www.orgbalt.eu\/wp-content\/uploads\/2024\/11\/2024_C1_2_Catalogue-of-CCM-actions_.pdf\" target=\"_blank\" rel=\"noreferrer noopener\"><strong>(Gala zi\u0146ojums) Klimata p\u0101rmai\u0146u mazin\u0101\u0161anas pas\u0101kumu katalogs<\/strong><\/a><\/li>\n\n\n\n<li><a href=\"https:\/\/www.orgbalt.eu\/wp-content\/uploads\/2024\/11\/2021_C1_3_-Interim-draft-report-on-improved-methodologies_.pdf\" target=\"_blank\" rel=\"noreferrer noopener\"><strong>C.1.3. Starpzi\u0146ojuma projekts par metodolo\u0123ijas uzlabojumiem SEG inventariz\u0101cijas zi\u0146ojumiem un saist\u012btiem nacion\u0101liem zi\u0146ojumiem<\/strong><\/a><\/li>\n\n\n\n<li><a href=\"http:\/\/www.orgbalt.eu\/wp-content\/uploads\/2024\/11\/2021_C1_4-Interim-draft-report-on-improved-GHG-EF_.pdf\" target=\"_blank\" rel=\"noreferrer noopener\"><strong>C.1.4. Starpzi\u0146ojuma projekts par uzlabotiem SEG emisijas faktoriem ar bar\u012bbas viel\u0101m bag\u0101t\u0101m apsaimniekot\u0101m organiskaj\u0101m augsn\u0113m Baltijas valst\u012bs<\/strong><\/a><\/li>\n\n\n\n<li><a href=\"https:\/\/www.orgbalt.eu\/wp-content\/uploads\/2024\/11\/2024_C1_5_-Report-on-improved-GHG-EFs_.pdf\" target=\"_blank\" rel=\"noreferrer noopener\"><strong>C.1.5. Zi\u0146ojums par uzlabotiem SEG emisijas faktoriem ar bar\u012bbas viel\u0101m bag\u0101t\u0101m apsaimniekot\u0101m organiskaj\u0101m augsn\u0113m Baltijas valst\u012bs<\/strong><\/a><\/li>\n\n\n\n<li><a href=\"https:\/\/www.orgbalt.eu\/wp-content\/uploads\/2025\/01\/2024_C1_6-Improved-methodologies-for-GHG-inventory_.pdf\" target=\"_blank\" rel=\"noreferrer noopener\"><strong>C.1.6. Metodolo\u0123ijas uzlabojumi SEG inventariz\u0101cijas zi\u0146ojumiem un saist\u012btiem nacion\u0101liem zi\u0146ojumiem<\/strong><\/a><\/li>\n<\/ul>\n\n\n\n<p><\/p>\n\n\n\n<p><strong>Par SEG emisiju m\u0113r\u012bjumiem <\/strong><\/p>\n\n\n\n<p>Zem\u0101k pievienotaj\u0101 dokument\u0101laj\u0101 \u012bsfilm\u0101 par\u0101d\u012bts SEG emisiju m\u0113r\u012bjumu process. \u0160\u012bs m\u0113r\u012bjumu metodes tika izmantotas LIFE REstore projekt\u0101 &#8220;Degrad\u0113to purvu atbild\u012bga apsaimnieko\u0161ana un ilgtsp\u0113j\u012bga izmanto\u0161ana Latvij\u0101&#8221; (LIFE REstore, LIFE14 CCM\/LV\/001103, 2015-2019), kura ietvaros tika m\u0113r\u012btas emisijas no nabadz\u012bg\u0101m organiskaj\u0101m augsn\u0113m. \u0160\u012bs metodes tiks uzlabotas un pielietotas ar\u012b LIFE OrgBalt projekt\u0101, lai m\u0113r\u012btu SEG emisijas augl\u012bg\u0101s organiskaj\u0101s augsn\u0113s, t\u0101d\u0113j\u0101di nodro\u0161inot zin\u0101\u0161anu p\u0101rnesi uz LIFE OrgBalt un zin\u0101tnisko p\u0113t\u012bjumu kontinuit\u0101ti. <\/p>\n\n\n\n<figure><iframe loading=\"lazy\" width=\"600\" height=\"338\" src=\"https:\/\/www.youtube.com\/embed\/Knn253f-CQ4?feature=oembed\" allowfullscreen=\"\"><\/iframe><\/figure>\n\n\n\n<p>More information: restore.daba.gov.lv<\/p>\n","protected":false},"excerpt":{"rendered":"<p>M\u0113r\u0137i: Zin\u0101\u0161anu ieguve par SEG emisij\u0101m no nosusin\u0101t\u0101m augl\u012bg\u0101m organiskaj\u0101m augsn\u0113m, izstr\u0101d\u0101jot un p\u0101rbaudot SEG emisiju faktorus un darb\u012bbas datus lauksaimniec\u012bbas zem\u0113s, z\u0101l\u0101jos un me\u017ea zem\u0113s. Zin\u0101tniski pamatotu klimata p\u0101rmai\u0146u [&hellip;]<\/p>\n","protected":false},"author":2,"featured_media":2916,"parent":2797,"menu_order":3,"comment_status":"closed","ping_status":"closed","template":"","meta":{"footnotes":""},"class_list":["post-2912","page","type-page","status-publish","has-post-thumbnail","hentry"],"post_mailing_queue_ids":[],"_links":{"self":[{"href":"https:\/\/www.orgbalt.eu\/index.php?rest_route=\/wp\/v2\/pages\/2912","targetHints":{"allow":["GET"]}}],"collection":[{"href":"https:\/\/www.orgbalt.eu\/index.php?rest_route=\/wp\/v2\/pages"}],"about":[{"href":"https:\/\/www.orgbalt.eu\/index.php?rest_route=\/wp\/v2\/types\/page"}],"author":[{"embeddable":true,"href":"https:\/\/www.orgbalt.eu\/index.php?rest_route=\/wp\/v2\/users\/2"}],"replies":[{"embeddable":true,"href":"https:\/\/www.orgbalt.eu\/index.php?rest_route=%2Fwp%2Fv2%2Fcomments&post=2912"}],"version-history":[{"count":15,"href":"https:\/\/www.orgbalt.eu\/index.php?rest_route=\/wp\/v2\/pages\/2912\/revisions"}],"predecessor-version":[{"id":5780,"href":"https:\/\/www.orgbalt.eu\/index.php?rest_route=\/wp\/v2\/pages\/2912\/revisions\/5780"}],"up":[{"embeddable":true,"href":"https:\/\/www.orgbalt.eu\/index.php?rest_route=\/wp\/v2\/pages\/2797"}],"wp:featuredmedia":[{"embeddable":true,"href":"https:\/\/www.orgbalt.eu\/index.php?rest_route=\/wp\/v2\/media\/2916"}],"wp:attachment":[{"href":"https:\/\/www.orgbalt.eu\/index.php?rest_route=%2Fwp%2Fv2%2Fmedia&parent=2912"}],"curies":[{"name":"wp","href":"https:\/\/api.w.org\/{rel}","templated":true}]}}