{"id":3378,"date":"2020-12-21T16:12:51","date_gmt":"2020-12-21T13:12:51","guid":{"rendered":"https:\/\/www.orgbalt.eu\/?page_id=3378"},"modified":"2021-02-03T19:44:23","modified_gmt":"2021-02-03T16:44:23","slug":"lvc311","status":"publish","type":"page","link":"https:\/\/www.orgbalt.eu\/?page_id=3378&lang=lv","title":{"rendered":"LVC311"},"content":{"rendered":"\n<p><strong>MELNALK\u0160\u0145A ST\u0100D\u012aJUMS\u00a0PIEKRASTES JOSLAS AIZSARGLOSLAI PIEGULO\u0160\u0100 TERITORIJ\u0100 AR DABISKI MITRU ORGANISKO AUGSNI<\/strong><\/p>\n\n\n\n<p>\u200b<\/p>\n\n\n\n<p>Potenci\u0101lie ieguvumi no melnalk\u0161\u0146u st\u0101d\u012bjumu&nbsp;ier\u012bko\u0161anas:&nbsp;\u200b<\/p>\n\n\n\n<ol class=\"wp-block-list\"><li>Samazin\u0101tas SEG emisijas no augsnes pateicoties \u016bdens re\u017e\u012bma uzlabo\u0161anai,\u00a0apme\u017eo\u0161anu veicot ar\u00a0pacilo\u0161anas\u00a0un\u00a0dzi\u013cvagu\u00a0izveido\u0161anas metodi, t\u0101dej\u0101di\u00a0novadot liekos\u00a0virs\u016bde\u0146us<\/li><li>Samazin\u0101ti me\u017ea dabisko trauc\u0113jumu riski\u200b<\/li><li>CO2\u00a0piesaiste dz\u012bvaj\u0101 biomas\u0101, nedz\u012bvaj\u0101 koksn\u0113, augsn\u0113 un me\u017ea zemseg\u0101 un\u00a0fosilo resursu aizst\u0101\u0161anas efekta veicin\u0101\u0161ana (me\u017ea biomasa un koksnes\u00a0produkti)<\/li><\/ol>\n\n\n\n<p>LIFE\u00a0OrgBalt\u00a0projekta m\u0113r\u0137is ir izstr\u0101d\u0101t un pielietot da\u017e\u0101dus inovat\u012bvus organisko aug\u0161\u0146u apsaimnieko\u0161anas pa\u0146\u0113mienus, lai demonstr\u0113tu, k\u0101 \u0161\u012bs plat\u012bbas var tikt ilgtsp\u0113j\u012bgi apsaimniekotas, \u0146emot v\u0113r\u0101\u00a0ekonomiskos, soci\u0101los un klimata aspektus. Latvij\u0101 un Somij\u0101 ir izveidoti 16 projekta demonstr\u0101ciju objekti. LIFE\u00a0OrgBalt\u00a0projekta ietvaros tiek p\u0113t\u012btas siltumn\u012bcefekta g\u0101zu emisijas no apsaimniekot\u0101m\u00a0organiskaj\u0101m augsn\u0113m \u2013 kopum\u0101, m\u0113r\u012bjumi tiek veikti 51 objekt\u0101, ietverot visus projekta demonstr\u0101ciju, k\u0101 ar\u012b references parauglaukumus.<\/p>\n\n\n\n<figure class=\"wp-block-image size-large\"><img loading=\"lazy\" decoding=\"async\" width=\"1024\" height=\"576\" src=\"https:\/\/www.orgbalt.eu\/wp-content\/uploads\/2021\/02\/Bilde-LVC311-1024x576.jpg\" alt=\"\" class=\"wp-image-3523\" srcset=\"https:\/\/www.orgbalt.eu\/wp-content\/uploads\/2021\/02\/Bilde-LVC311-1024x576.jpg 1024w, https:\/\/www.orgbalt.eu\/wp-content\/uploads\/2021\/02\/Bilde-LVC311-300x169.jpg 300w, https:\/\/www.orgbalt.eu\/wp-content\/uploads\/2021\/02\/Bilde-LVC311-768x432.jpg 768w, https:\/\/www.orgbalt.eu\/wp-content\/uploads\/2021\/02\/Bilde-LVC311-1536x864.jpg 1536w, https:\/\/www.orgbalt.eu\/wp-content\/uploads\/2021\/02\/Bilde-LVC311-2048x1152.jpg 2048w\" sizes=\"auto, (max-width: 1024px) 100vw, 1024px\" \/><figcaption>default<\/figcaption><\/figure>\n\n\n\n<figure class=\"wp-block-image size-large\"><img loading=\"lazy\" decoding=\"async\" width=\"1024\" height=\"727\" src=\"https:\/\/www.orgbalt.eu\/wp-content\/uploads\/2021\/02\/Karte-LVC311-1024x727.jpg\" alt=\"\" class=\"wp-image-3524\" srcset=\"https:\/\/www.orgbalt.eu\/wp-content\/uploads\/2021\/02\/Karte-LVC311-1024x727.jpg 1024w, https:\/\/www.orgbalt.eu\/wp-content\/uploads\/2021\/02\/Karte-LVC311-300x213.jpg 300w, https:\/\/www.orgbalt.eu\/wp-content\/uploads\/2021\/02\/Karte-LVC311-768x545.jpg 768w, https:\/\/www.orgbalt.eu\/wp-content\/uploads\/2021\/02\/Karte-LVC311-1536x1090.jpg 1536w, https:\/\/www.orgbalt.eu\/wp-content\/uploads\/2021\/02\/Karte-LVC311-2048x1454.jpg 2048w\" sizes=\"auto, (max-width: 1024px) 100vw, 1024px\" \/><\/figure>\n","protected":false},"excerpt":{"rendered":"<p>MELNALK\u0160\u0145A ST\u0100D\u012aJUMS\u00a0PIEKRASTES JOSLAS AIZSARGLOSLAI PIEGULO\u0160\u0100 TERITORIJ\u0100 AR DABISKI MITRU ORGANISKO AUGSNI \u200b Potenci\u0101lie ieguvumi no melnalk\u0161\u0146u st\u0101d\u012bjumu&nbsp;ier\u012bko\u0161anas:&nbsp;\u200b Samazin\u0101tas SEG emisijas no augsnes pateicoties \u016bdens re\u017e\u012bma uzlabo\u0161anai,\u00a0apme\u017eo\u0161anu veicot ar\u00a0pacilo\u0161anas\u00a0un\u00a0dzi\u013cvagu\u00a0izveido\u0161anas metodi, t\u0101dej\u0101di\u00a0novadot [&hellip;]<\/p>\n","protected":false},"author":2,"featured_media":0,"parent":2823,"menu_order":5,"comment_status":"closed","ping_status":"closed","template":"","meta":{"footnotes":""},"class_list":["post-3378","page","type-page","status-publish","hentry"],"post_mailing_queue_ids":[],"_links":{"self":[{"href":"https:\/\/www.orgbalt.eu\/index.php?rest_route=\/wp\/v2\/pages\/3378","targetHints":{"allow":["GET"]}}],"collection":[{"href":"https:\/\/www.orgbalt.eu\/index.php?rest_route=\/wp\/v2\/pages"}],"about":[{"href":"https:\/\/www.orgbalt.eu\/index.php?rest_route=\/wp\/v2\/types\/page"}],"author":[{"embeddable":true,"href":"https:\/\/www.orgbalt.eu\/index.php?rest_route=\/wp\/v2\/users\/2"}],"replies":[{"embeddable":true,"href":"https:\/\/www.orgbalt.eu\/index.php?rest_route=%2Fwp%2Fv2%2Fcomments&post=3378"}],"version-history":[{"count":2,"href":"https:\/\/www.orgbalt.eu\/index.php?rest_route=\/wp\/v2\/pages\/3378\/revisions"}],"predecessor-version":[{"id":3525,"href":"https:\/\/www.orgbalt.eu\/index.php?rest_route=\/wp\/v2\/pages\/3378\/revisions\/3525"}],"up":[{"embeddable":true,"href":"https:\/\/www.orgbalt.eu\/index.php?rest_route=\/wp\/v2\/pages\/2823"}],"wp:attachment":[{"href":"https:\/\/www.orgbalt.eu\/index.php?rest_route=%2Fwp%2Fv2%2Fmedia&parent=3378"}],"curies":[{"name":"wp","href":"https:\/\/api.w.org\/{rel}","templated":true}]}}