{"id":3383,"date":"2020-12-21T16:15:42","date_gmt":"2020-12-21T13:15:42","guid":{"rendered":"https:\/\/www.orgbalt.eu\/?page_id=3383"},"modified":"2021-02-03T19:49:04","modified_gmt":"2021-02-03T16:49:04","slug":"lvc309","status":"publish","type":"page","link":"https:\/\/www.orgbalt.eu\/?page_id=3383&lang=lv","title":{"rendered":"LVC309"},"content":{"rendered":"\n<p><strong>ME\u017dA ATJAUNO\u0160ANA AR MELNALKSNI ME\u017dAUDZ\u0112 AR DABISKI MITRU ORGANISKO AUGSNI,\u00a0IZMANTOJOT PACILAS\u00a0UN\u00a0DZI\u013bVAGU T\u012aKLU<\/strong><\/p>\n\n\n\n<p>\u200b<\/p>\n\n\n\n<p>Potenci\u0101lie ieguvumi no me\u017ea atjauno\u0161anas, neveicot melior\u0101cijas gr\u0101vju&nbsp;rekonstrukciju&nbsp;(dabiski mitr\u0101s vai&nbsp;atk\u0101rtoti&nbsp;p\u0101mitrin\u0101t\u0101s&nbsp;organiskaj\u0101s augsn\u0113s):\u200b<\/p>\n\n\n\n<ol class=\"wp-block-list\"><li>Samazin\u0101tas SEG emisijas no augsnes pateicoties \u016bdens re\u017e\u012bma uzlabo\u0161anai,\u00a0apme\u017eo\u0161anu veicot ar\u00a0pacilo\u0161anas\u00a0un\u00a0dzi\u013cvagu\u00a0izveido\u0161anas metodi, t\u0101dej\u0101di\u00a0novadot liekos\u00a0virs\u016bde\u0146us<\/li><li>Samazin\u0101ti me\u017ea dabisko trauc\u0113jumu riski<\/li><li>CO2\u00a0piesaiste dz\u012bvaj\u0101 biomas\u0101, nedz\u012bvaj\u0101 koksn\u0113, augsn\u0113 un me\u017ea zemseg\u0101 un\u00a0fosilo resursu aizst\u0101\u0161anas efekta veicin\u0101\u0161ana (me\u017ea biomasa un koksnes\u00a0produkti)<\/li><\/ol>\n\n\n\n<p>LIFE\u00a0OrgBalt\u00a0projekta m\u0113r\u0137is ir izstr\u0101d\u0101t un pielietot da\u017e\u0101dus inovat\u012bvus organisko aug\u0161\u0146u apsaimnieko\u0161anas pa\u0146\u0113mienus, lai demonstr\u0113tu, k\u0101 \u0161\u012bs plat\u012bbas var tikt ilgtsp\u0113j\u012bgi apsaimniekotas, \u0146emot v\u0113r\u0101\u00a0ekonomiskos, soci\u0101los un klimata aspektus. Latvij\u0101 un Somij\u0101 ir izveidoti 16 projekta demonstr\u0101ciju objekti. LIFE\u00a0OrgBalt\u00a0projekta ietvaros tiek p\u0113t\u012btas siltumn\u012bcefekta g\u0101zu emisijas no apsaimniekot\u0101m\u00a0organiskaj\u0101m augsn\u0113m \u2013 kopum\u0101, m\u0113r\u012bjumi tiek veikti 51 objekt\u0101, ietverot visus projekta demonstr\u0101ciju, k\u0101 ar\u012b references parauglaukumus.<\/p>\n\n\n\n<figure class=\"wp-block-image size-large\"><img loading=\"lazy\" decoding=\"async\" width=\"1024\" height=\"576\" src=\"https:\/\/www.orgbalt.eu\/wp-content\/uploads\/2021\/02\/LVC309_picture-1024x576.jpg\" alt=\"\" class=\"wp-image-3526\" srcset=\"https:\/\/www.orgbalt.eu\/wp-content\/uploads\/2021\/02\/LVC309_picture-1024x576.jpg 1024w, https:\/\/www.orgbalt.eu\/wp-content\/uploads\/2021\/02\/LVC309_picture-300x169.jpg 300w, https:\/\/www.orgbalt.eu\/wp-content\/uploads\/2021\/02\/LVC309_picture-768x432.jpg 768w, https:\/\/www.orgbalt.eu\/wp-content\/uploads\/2021\/02\/LVC309_picture-1536x864.jpg 1536w, https:\/\/www.orgbalt.eu\/wp-content\/uploads\/2021\/02\/LVC309_picture-2048x1152.jpg 2048w\" sizes=\"auto, (max-width: 1024px) 100vw, 1024px\" \/><figcaption>default<\/figcaption><\/figure>\n\n\n\n<figure class=\"wp-block-image size-large\"><img loading=\"lazy\" decoding=\"async\" width=\"1024\" height=\"722\" src=\"https:\/\/www.orgbalt.eu\/wp-content\/uploads\/2021\/02\/Karte-LVC309-1024x722.jpg\" alt=\"\" class=\"wp-image-3527\" srcset=\"https:\/\/www.orgbalt.eu\/wp-content\/uploads\/2021\/02\/Karte-LVC309-1024x722.jpg 1024w, https:\/\/www.orgbalt.eu\/wp-content\/uploads\/2021\/02\/Karte-LVC309-300x211.jpg 300w, https:\/\/www.orgbalt.eu\/wp-content\/uploads\/2021\/02\/Karte-LVC309-768x541.jpg 768w, https:\/\/www.orgbalt.eu\/wp-content\/uploads\/2021\/02\/Karte-LVC309-1536x1083.jpg 1536w, https:\/\/www.orgbalt.eu\/wp-content\/uploads\/2021\/02\/Karte-LVC309-2048x1443.jpg 2048w\" sizes=\"auto, (max-width: 1024px) 100vw, 1024px\" \/><\/figure>\n","protected":false},"excerpt":{"rendered":"<p>ME\u017dA ATJAUNO\u0160ANA AR MELNALKSNI ME\u017dAUDZ\u0112 AR DABISKI MITRU ORGANISKO AUGSNI,\u00a0IZMANTOJOT PACILAS\u00a0UN\u00a0DZI\u013bVAGU T\u012aKLU \u200b Potenci\u0101lie ieguvumi no me\u017ea atjauno\u0161anas, neveicot melior\u0101cijas gr\u0101vju&nbsp;rekonstrukciju&nbsp;(dabiski mitr\u0101s vai&nbsp;atk\u0101rtoti&nbsp;p\u0101mitrin\u0101t\u0101s&nbsp;organiskaj\u0101s augsn\u0113s):\u200b Samazin\u0101tas SEG emisijas no augsnes pateicoties [&hellip;]<\/p>\n","protected":false},"author":2,"featured_media":0,"parent":2823,"menu_order":6,"comment_status":"closed","ping_status":"closed","template":"","meta":{"footnotes":""},"class_list":["post-3383","page","type-page","status-publish","hentry"],"post_mailing_queue_ids":[],"_links":{"self":[{"href":"https:\/\/www.orgbalt.eu\/index.php?rest_route=\/wp\/v2\/pages\/3383","targetHints":{"allow":["GET"]}}],"collection":[{"href":"https:\/\/www.orgbalt.eu\/index.php?rest_route=\/wp\/v2\/pages"}],"about":[{"href":"https:\/\/www.orgbalt.eu\/index.php?rest_route=\/wp\/v2\/types\/page"}],"author":[{"embeddable":true,"href":"https:\/\/www.orgbalt.eu\/index.php?rest_route=\/wp\/v2\/users\/2"}],"replies":[{"embeddable":true,"href":"https:\/\/www.orgbalt.eu\/index.php?rest_route=%2Fwp%2Fv2%2Fcomments&post=3383"}],"version-history":[{"count":2,"href":"https:\/\/www.orgbalt.eu\/index.php?rest_route=\/wp\/v2\/pages\/3383\/revisions"}],"predecessor-version":[{"id":3531,"href":"https:\/\/www.orgbalt.eu\/index.php?rest_route=\/wp\/v2\/pages\/3383\/revisions\/3531"}],"up":[{"embeddable":true,"href":"https:\/\/www.orgbalt.eu\/index.php?rest_route=\/wp\/v2\/pages\/2823"}],"wp:attachment":[{"href":"https:\/\/www.orgbalt.eu\/index.php?rest_route=%2Fwp%2Fv2%2Fmedia&parent=3383"}],"curies":[{"name":"wp","href":"https:\/\/api.w.org\/{rel}","templated":true}]}}