{"id":3418,"date":"2020-12-21T16:34:30","date_gmt":"2020-12-21T13:34:30","guid":{"rendered":"https:\/\/www.orgbalt.eu\/?page_id=3418"},"modified":"2021-02-03T20:07:14","modified_gmt":"2021-02-03T17:07:14","slug":"lvc312","status":"publish","type":"page","link":"https:\/\/www.orgbalt.eu\/?page_id=3418&lang=lv","title":{"rendered":"LVC312"},"content":{"rendered":"\n<p><strong>ME\u017dA ATJAUNO\u0160ANA P\u0100RMITR\u0100S AUGSN\u0112S AR EGLI,\u00a0KAS\u00a0ST\u0100D\u012aTA UZ PACIL\u0100M<\/strong><\/p>\n\n\n\n<p>Potenci\u0101lais ieguvums no&nbsp;me\u017ea&nbsp;atjauno\u0161anas ar skujkokiem,&nbsp;st\u0101dot&nbsp;uz&nbsp;pacil\u0101m:&nbsp;\u200b<\/p>\n\n\n\n<ol class=\"wp-block-list\"><li>Samazin\u0101tas SEG emisijas no augsnes pateicoties \u016bdens re\u017e\u012bma\u00a0uzlabo\u0161anai, apme\u017eo\u0161anu veicot ar\u00a0pacilo\u0161anas\u00a0un\u00a0dzi\u013cvagu\u00a0izveido\u0161anas\u00a0metodi, t\u0101dej\u0101di novadot liekos\u00a0virs\u016bde\u0146us<\/li><li>Samazin\u0101ti me\u017ea dabisko trauc\u0113jumu riski<\/li><li>CO2\u00a0piesaiste dz\u012bvaj\u0101 biomas\u0101, nedz\u012bvaj\u0101 koksn\u0113, augsn\u0113 un me\u017ea\u00a0zemseg\u0101 un fosilo resursu aizst\u0101\u0161anas efekta veicin\u0101\u0161ana (me\u017ea\u00a0biomasa un koksnes produkti)<\/li><\/ol>\n\n\n\n<p>LIFE\u00a0OrgBalt\u00a0projekta m\u0113r\u0137is ir izstr\u0101d\u0101t un pielietot da\u017e\u0101dus inovat\u012bvus organisko aug\u0161\u0146u apsaimnieko\u0161anas pa\u0146\u0113mienus, lai demonstr\u0113tu, k\u0101 \u0161\u012bs plat\u012bbas var tikt ilgtsp\u0113j\u012bgi apsaimniekotas, \u0146emot v\u0113r\u0101\u00a0ekonomiskos, soci\u0101los un klimata aspektus. Latvij\u0101 un Somij\u0101 ir izveidoti 16 projekta demonstr\u0101ciju objekti. LIFE\u00a0OrgBalt\u00a0projekta ietvaros tiek p\u0113t\u012btas siltumn\u012bcefekta g\u0101zu emisijas no apsaimniekot\u0101m\u00a0organiskaj\u0101m augsn\u0113m \u2013 kopum\u0101, m\u0113r\u012bjumi tiek veikti 51 objekt\u0101, ietverot visus projekta demonstr\u0101ciju, k\u0101 ar\u012b references parauglaukumus.<\/p>\n\n\n\n<figure class=\"wp-block-image size-large\"><img loading=\"lazy\" decoding=\"async\" width=\"1024\" height=\"576\" src=\"https:\/\/www.orgbalt.eu\/wp-content\/uploads\/2021\/02\/LVC312_picture-1-1024x576.jpg\" alt=\"\" class=\"wp-image-3554\" srcset=\"https:\/\/www.orgbalt.eu\/wp-content\/uploads\/2021\/02\/LVC312_picture-1-1024x576.jpg 1024w, https:\/\/www.orgbalt.eu\/wp-content\/uploads\/2021\/02\/LVC312_picture-1-300x169.jpg 300w, https:\/\/www.orgbalt.eu\/wp-content\/uploads\/2021\/02\/LVC312_picture-1-768x432.jpg 768w, https:\/\/www.orgbalt.eu\/wp-content\/uploads\/2021\/02\/LVC312_picture-1-1536x864.jpg 1536w, https:\/\/www.orgbalt.eu\/wp-content\/uploads\/2021\/02\/LVC312_picture-1-2048x1152.jpg 2048w\" sizes=\"auto, (max-width: 1024px) 100vw, 1024px\" \/><figcaption>default<\/figcaption><\/figure>\n\n\n\n<figure class=\"wp-block-image size-large\"><img loading=\"lazy\" decoding=\"async\" width=\"1024\" height=\"715\" src=\"https:\/\/www.orgbalt.eu\/wp-content\/uploads\/2021\/02\/Karte-LVC312-1-1024x715.jpg\" alt=\"\" class=\"wp-image-3555\" srcset=\"https:\/\/www.orgbalt.eu\/wp-content\/uploads\/2021\/02\/Karte-LVC312-1-1024x715.jpg 1024w, https:\/\/www.orgbalt.eu\/wp-content\/uploads\/2021\/02\/Karte-LVC312-1-300x210.jpg 300w, https:\/\/www.orgbalt.eu\/wp-content\/uploads\/2021\/02\/Karte-LVC312-1-768x537.jpg 768w, https:\/\/www.orgbalt.eu\/wp-content\/uploads\/2021\/02\/Karte-LVC312-1-1536x1073.jpg 1536w, https:\/\/www.orgbalt.eu\/wp-content\/uploads\/2021\/02\/Karte-LVC312-1-2048x1431.jpg 2048w\" sizes=\"auto, (max-width: 1024px) 100vw, 1024px\" \/><\/figure>\n\n\n\n<p>.&nbsp;<\/p>\n","protected":false},"excerpt":{"rendered":"<p>ME\u017dA ATJAUNO\u0160ANA P\u0100RMITR\u0100S AUGSN\u0112S AR EGLI,\u00a0KAS\u00a0ST\u0100D\u012aTA UZ PACIL\u0100M Potenci\u0101lais ieguvums no&nbsp;me\u017ea&nbsp;atjauno\u0161anas ar skujkokiem,&nbsp;st\u0101dot&nbsp;uz&nbsp;pacil\u0101m:&nbsp;\u200b Samazin\u0101tas SEG emisijas no augsnes pateicoties \u016bdens re\u017e\u012bma\u00a0uzlabo\u0161anai, apme\u017eo\u0161anu veicot ar\u00a0pacilo\u0161anas\u00a0un\u00a0dzi\u013cvagu\u00a0izveido\u0161anas\u00a0metodi, t\u0101dej\u0101di novadot liekos\u00a0virs\u016bde\u0146us Samazin\u0101ti me\u017ea dabisko [&hellip;]<\/p>\n","protected":false},"author":2,"featured_media":0,"parent":2823,"menu_order":13,"comment_status":"closed","ping_status":"closed","template":"","meta":{"footnotes":""},"class_list":["post-3418","page","type-page","status-publish","hentry"],"post_mailing_queue_ids":[],"_links":{"self":[{"href":"https:\/\/www.orgbalt.eu\/index.php?rest_route=\/wp\/v2\/pages\/3418","targetHints":{"allow":["GET"]}}],"collection":[{"href":"https:\/\/www.orgbalt.eu\/index.php?rest_route=\/wp\/v2\/pages"}],"about":[{"href":"https:\/\/www.orgbalt.eu\/index.php?rest_route=\/wp\/v2\/types\/page"}],"author":[{"embeddable":true,"href":"https:\/\/www.orgbalt.eu\/index.php?rest_route=\/wp\/v2\/users\/2"}],"replies":[{"embeddable":true,"href":"https:\/\/www.orgbalt.eu\/index.php?rest_route=%2Fwp%2Fv2%2Fcomments&post=3418"}],"version-history":[{"count":2,"href":"https:\/\/www.orgbalt.eu\/index.php?rest_route=\/wp\/v2\/pages\/3418\/revisions"}],"predecessor-version":[{"id":3562,"href":"https:\/\/www.orgbalt.eu\/index.php?rest_route=\/wp\/v2\/pages\/3418\/revisions\/3562"}],"up":[{"embeddable":true,"href":"https:\/\/www.orgbalt.eu\/index.php?rest_route=\/wp\/v2\/pages\/2823"}],"wp:attachment":[{"href":"https:\/\/www.orgbalt.eu\/index.php?rest_route=%2Fwp%2Fv2%2Fmedia&parent=3418"}],"curies":[{"name":"wp","href":"https:\/\/api.w.org\/{rel}","templated":true}]}}