{"id":3697,"date":"2021-05-24T14:37:25","date_gmt":"2021-05-24T11:37:25","guid":{"rendered":"https:\/\/www.orgbalt.eu\/?page_id=3697"},"modified":"2024-08-23T08:51:48","modified_gmt":"2024-08-23T05:51:48","slug":"info-materiali","status":"publish","type":"page","link":"https:\/\/www.orgbalt.eu\/?page_id=3697&lang=lv","title":{"rendered":"INFO MATERI\u0100LI"},"content":{"rendered":"\n<div class=\"wp-block-columns is-layout-flex wp-container-core-columns-is-layout-9d6595d7 wp-block-columns-is-layout-flex\">\n<div class=\"wp-block-column is-layout-flow wp-block-column-is-layout-flow\" style=\"flex-basis:33.33%\">\n<figure class=\"wp-block-image size-large\"><a href=\"https:\/\/www.orgbalt.eu\/?page_id=3702&amp;lang=lv\"><img loading=\"lazy\" decoding=\"async\" width=\"934\" height=\"508\" src=\"https:\/\/www.orgbalt.eu\/wp-content\/uploads\/2021\/05\/in-depth1.jpg\" alt=\"\" class=\"wp-image-3700\" srcset=\"https:\/\/www.orgbalt.eu\/wp-content\/uploads\/2021\/05\/in-depth1.jpg 934w, https:\/\/www.orgbalt.eu\/wp-content\/uploads\/2021\/05\/in-depth1-300x163.jpg 300w, https:\/\/www.orgbalt.eu\/wp-content\/uploads\/2021\/05\/in-depth1-768x418.jpg 768w\" sizes=\"auto, (max-width: 934px) 100vw, 934px\" \/><\/a><\/figure>\n<\/div>\n\n\n\n<div class=\"wp-block-column is-layout-flow wp-block-column-is-layout-flow\" style=\"flex-basis:66.66%\">\n<p><strong><a href=\"https:\/\/www.orgbalt.eu\/?page_id=3702&amp;lang=lv\" target=\"_blank\" rel=\"noreferrer noopener\" aria-label=\"PUBLIK\u0100CIJAS (opens in a new tab)\">PUBLIK\u0100CIJAS<\/a><\/strong><\/p>\n\n\n\n<p><a href=\"https:\/\/www.orgbalt.eu\/?page_id=3702&amp;lang=lv\" target=\"_blank\" rel=\"noreferrer noopener\" aria-label=\"Las\u012bt \u0161eit LIFE OrgBalt publik\u0101cijas. (opens in a new tab)\">Las\u012bt \u0161eit LIFE OrgBalt publik\u0101cijas.<\/a><\/p>\n<\/div>\n<\/div>\n\n\n\n<div class=\"wp-block-columns is-layout-flex wp-container-core-columns-is-layout-9d6595d7 wp-block-columns-is-layout-flex\">\n<div class=\"wp-block-column is-layout-flow wp-block-column-is-layout-flow\" style=\"flex-basis:33.33%\">\n<figure class=\"wp-block-image size-large\"><a href=\"https:\/\/www.orgbalt.eu\/?page_id=4100&amp;lang=lv\"><img loading=\"lazy\" decoding=\"async\" width=\"960\" height=\"542\" src=\"https:\/\/www.orgbalt.eu\/wp-content\/uploads\/2021\/03\/LIFE-ORGBALT-documentaries.png\" alt=\"\" class=\"wp-image-3624\" srcset=\"https:\/\/www.orgbalt.eu\/wp-content\/uploads\/2021\/03\/LIFE-ORGBALT-documentaries.png 960w, https:\/\/www.orgbalt.eu\/wp-content\/uploads\/2021\/03\/LIFE-ORGBALT-documentaries-300x169.png 300w, https:\/\/www.orgbalt.eu\/wp-content\/uploads\/2021\/03\/LIFE-ORGBALT-documentaries-768x434.png 768w\" sizes=\"auto, (max-width: 960px) 100vw, 960px\" \/><\/a><\/figure>\n<\/div>\n\n\n\n<div class=\"wp-block-column is-layout-flow wp-block-column-is-layout-flow\" style=\"flex-basis:66.66%\">\n<p><strong><a href=\"https:\/\/www.orgbalt.eu\/?page_id=4100&amp;lang=lv\" target=\"_blank\" rel=\"noreferrer noopener\">PROJEKTA \u012aSFILMAS<\/a><\/strong><\/p>\n\n\n\n<p><a href=\"https:\/\/www.orgbalt.eu\/?page_id=4100&amp;lang=lv\" target=\"_blank\" rel=\"noreferrer noopener\">Skat\u012bt \u0161eit LIFE OrgBalt \u012bsfilmas par projektu, t\u0101 m\u0113r\u0137iem, aktivit\u0101t\u0113m un rezult\u0101tiem. <\/a><\/p>\n<\/div>\n<\/div>\n\n\n\n<div class=\"wp-block-columns is-layout-flex wp-container-core-columns-is-layout-9d6595d7 wp-block-columns-is-layout-flex\">\n<div class=\"wp-block-column is-layout-flow wp-block-column-is-layout-flow\" style=\"flex-basis:33.33%\">\n<figure class=\"wp-block-image size-large\"><a href=\"https:\/\/www.orgbalt.eu\/?page_id=3851&amp;lang=lv\"><img loading=\"lazy\" decoding=\"async\" width=\"1024\" height=\"698\" src=\"https:\/\/www.orgbalt.eu\/wp-content\/uploads\/2020\/11\/newsletter2_img-1024x698.jpg\" alt=\"\" class=\"wp-image-3243\" srcset=\"https:\/\/www.orgbalt.eu\/wp-content\/uploads\/2020\/11\/newsletter2_img-1024x698.jpg 1024w, https:\/\/www.orgbalt.eu\/wp-content\/uploads\/2020\/11\/newsletter2_img-300x204.jpg 300w, https:\/\/www.orgbalt.eu\/wp-content\/uploads\/2020\/11\/newsletter2_img-768x523.jpg 768w, https:\/\/www.orgbalt.eu\/wp-content\/uploads\/2020\/11\/newsletter2_img.jpg 1186w\" sizes=\"auto, (max-width: 1024px) 100vw, 1024px\" \/><\/a><\/figure>\n<\/div>\n\n\n\n<div class=\"wp-block-column is-layout-flow wp-block-column-is-layout-flow\" style=\"flex-basis:66.66%\">\n<p><a href=\"https:\/\/www.orgbalt.eu\/?page_id=3851&amp;lang=lv\" target=\"_blank\" rel=\"noreferrer noopener\"><strong>ZI\u0145U LAPAS<\/strong> <\/a><\/p>\n\n\n\n<p><a href=\"https:\/\/www.orgbalt.eu\/?page_id=3851&amp;lang=lv\" target=\"_blank\" rel=\"noreferrer noopener\">Las\u012bt \u0161eit LIFE OrgBalt regul\u0101r\u0101s zi\u0146u lapas par projekta progresu.<\/a><\/p>\n<\/div>\n<\/div>\n\n\n\n<div class=\"wp-block-columns is-layout-flex wp-container-core-columns-is-layout-9d6595d7 wp-block-columns-is-layout-flex\">\n<div class=\"wp-block-column is-layout-flow wp-block-column-is-layout-flow\" style=\"flex-basis:33.33%\">\n<figure class=\"wp-block-image size-large\"><img loading=\"lazy\" decoding=\"async\" width=\"847\" height=\"598\" src=\"https:\/\/www.orgbalt.eu\/wp-content\/uploads\/2021\/03\/LIFE-ORGBALT-brochure.jpg\" alt=\"\" class=\"wp-image-3621\" srcset=\"https:\/\/www.orgbalt.eu\/wp-content\/uploads\/2021\/03\/LIFE-ORGBALT-brochure.jpg 847w, https:\/\/www.orgbalt.eu\/wp-content\/uploads\/2021\/03\/LIFE-ORGBALT-brochure-300x212.jpg 300w, https:\/\/www.orgbalt.eu\/wp-content\/uploads\/2021\/03\/LIFE-ORGBALT-brochure-768x542.jpg 768w\" sizes=\"auto, (max-width: 847px) 100vw, 847px\" \/><\/figure>\n<\/div>\n\n\n\n<div class=\"wp-block-column is-layout-flow wp-block-column-is-layout-flow\" style=\"flex-basis:66.66%\">\n<p> <strong>INFORMAT\u012aVI BUKLETI<\/strong> <\/p>\n\n\n\n<p>Skat\u012bt \u0161eit LIFE OrgBalt informat\u012bvos bukletus vair\u0101k\u0101s valod\u0101s. <\/p>\n<\/div>\n<\/div>\n\n\n\n<div class=\"wp-block-columns is-layout-flex wp-container-core-columns-is-layout-9d6595d7 wp-block-columns-is-layout-flex\">\n<div class=\"wp-block-column is-layout-flow wp-block-column-is-layout-flow\" style=\"flex-basis:33.33%\">\n<figure class=\"wp-block-image size-large\"><a href=\"https:\/\/www.orgbalt.eu\/?page_id=3763&amp;lang=lv\"><img loading=\"lazy\" decoding=\"async\" width=\"1024\" height=\"635\" src=\"https:\/\/www.orgbalt.eu\/wp-content\/uploads\/2021\/06\/LIFE-OrgBalt-062021-1-1024x635.jpg\" alt=\"\" class=\"wp-image-3761\" srcset=\"https:\/\/www.orgbalt.eu\/wp-content\/uploads\/2021\/06\/LIFE-OrgBalt-062021-1-1024x635.jpg 1024w, https:\/\/www.orgbalt.eu\/wp-content\/uploads\/2021\/06\/LIFE-OrgBalt-062021-1-300x186.jpg 300w, https:\/\/www.orgbalt.eu\/wp-content\/uploads\/2021\/06\/LIFE-OrgBalt-062021-1-768x476.jpg 768w, https:\/\/www.orgbalt.eu\/wp-content\/uploads\/2021\/06\/LIFE-OrgBalt-062021-1.jpg 1060w\" sizes=\"auto, (max-width: 1024px) 100vw, 1024px\" \/><\/a><\/figure>\n<\/div>\n\n\n\n<div class=\"wp-block-column is-layout-flow wp-block-column-is-layout-flow\" style=\"flex-basis:66.66%\">\n<p><strong><a href=\"https:\/\/www.orgbalt.eu\/?page_id=3763&amp;lang=lv\" target=\"_blank\" rel=\"noreferrer noopener\" aria-label=\"VIDEO REPORT\u0100\u017dAS (opens in a new tab)\">VIDEO REPORT\u0100\u017dAS<\/a><\/strong><\/p>\n\n\n\n<p><a href=\"https:\/\/www.orgbalt.eu\/?page_id=3763&amp;lang=lv\" target=\"_blank\" rel=\"noreferrer noopener\" aria-label=\"\u0160eit iesp\u0113jams skat\u012bt projekta ievie\u0161anas aktivit\u0101\u0161u video report\u0101\u017eas (opens in a new tab)\">\u0160eit iesp\u0113jams skat\u012bt projekta ievie\u0161anas aktivit\u0101\u0161u video report\u0101\u017eas<\/a><\/p>\n<\/div>\n<\/div>\n\n\n\n<div class=\"wp-block-columns is-layout-flex wp-container-core-columns-is-layout-9d6595d7 wp-block-columns-is-layout-flex\"><\/div>\n","protected":false},"excerpt":{"rendered":"<p>PUBLIK\u0100CIJAS Las\u012bt \u0161eit LIFE OrgBalt publik\u0101cijas. PROJEKTA \u012aSFILMAS Skat\u012bt \u0161eit LIFE OrgBalt \u012bsfilmas par projektu, t\u0101 m\u0113r\u0137iem, aktivit\u0101t\u0113m un rezult\u0101tiem. ZI\u0145U LAPAS Las\u012bt \u0161eit LIFE OrgBalt regul\u0101r\u0101s zi\u0146u lapas par [&hellip;]<\/p>\n","protected":false},"author":2,"featured_media":2995,"parent":0,"menu_order":0,"comment_status":"closed","ping_status":"closed","template":"","meta":{"footnotes":""},"class_list":["post-3697","page","type-page","status-publish","has-post-thumbnail","hentry"],"post_mailing_queue_ids":[],"_links":{"self":[{"href":"https:\/\/www.orgbalt.eu\/index.php?rest_route=\/wp\/v2\/pages\/3697","targetHints":{"allow":["GET"]}}],"collection":[{"href":"https:\/\/www.orgbalt.eu\/index.php?rest_route=\/wp\/v2\/pages"}],"about":[{"href":"https:\/\/www.orgbalt.eu\/index.php?rest_route=\/wp\/v2\/types\/page"}],"author":[{"embeddable":true,"href":"https:\/\/www.orgbalt.eu\/index.php?rest_route=\/wp\/v2\/users\/2"}],"replies":[{"embeddable":true,"href":"https:\/\/www.orgbalt.eu\/index.php?rest_route=%2Fwp%2Fv2%2Fcomments&post=3697"}],"version-history":[{"count":10,"href":"https:\/\/www.orgbalt.eu\/index.php?rest_route=\/wp\/v2\/pages\/3697\/revisions"}],"predecessor-version":[{"id":5446,"href":"https:\/\/www.orgbalt.eu\/index.php?rest_route=\/wp\/v2\/pages\/3697\/revisions\/5446"}],"wp:featuredmedia":[{"embeddable":true,"href":"https:\/\/www.orgbalt.eu\/index.php?rest_route=\/wp\/v2\/media\/2995"}],"wp:attachment":[{"href":"https:\/\/www.orgbalt.eu\/index.php?rest_route=%2Fwp%2Fv2%2Fmedia&parent=3697"}],"curies":[{"name":"wp","href":"https:\/\/api.w.org\/{rel}","templated":true}]}}