{"id":5034,"date":"2024-08-06T15:26:57","date_gmt":"2024-08-06T12:26:57","guid":{"rendered":"https:\/\/www.orgbalt.eu\/?page_id=5034"},"modified":"2024-08-06T15:26:58","modified_gmt":"2024-08-06T12:26:58","slug":"augsnes-seg-plusmu-merijumi-life-orgbalt-projekta","status":"publish","type":"page","link":"https:\/\/www.orgbalt.eu\/?page_id=5034&lang=lv","title":{"rendered":"Augsnes SEG pl\u016bsmu m\u0113r\u012bjumi LIFE OrgBalt projekt\u0101"},"content":{"rendered":"\n<p><strong>Viens no LIFE OrgBalt projekta pamatuzdevumiem ir augsnes siltumn\u012bcefekta g\u0101zu (SEG) bilances nov\u0113rt\u0113\u0161ana, \u012bpa\u0161i attiec\u012bb\u0101 uz oglek\u013ca dioks\u012bdu (CO<sub>2<\/sub>), bet ar\u012b attiec\u012bb\u0101 uz met\u0101nu (CH<sub>4<\/sub>) un disl\u0101pek\u013ca oks\u012bdu (N<sub>2<\/sub>O).<\/strong><\/p>\n\n\n\n<p>Tom\u0113r to noteik\u0161ana me\u017eos un cit\u0101s ekosist\u0113m\u0101s ar organisk\u0101m augsn\u0113m ir sare\u017e\u0123\u012bta no tehnolo\u0123isk\u0101 un kapacit\u0101tes viedok\u013ca: ikgad\u0113j\u0101 augsnes CO<sub>2<\/sub> bilance veidojas, izmantojot monitoringa datus par CO<sub>2<\/sub> pl\u016bsmu gada laik\u0101 un datus par oglek\u013ca (C) uzkr\u0101juma izmai\u0146\u0101m virszemes un pazemes biomas\u0101. Rakst\u0101 ir aprakst\u012bta situ\u0101cija, projekta partneriem uzs\u0101kot str\u0101d\u0101t pie \u0161iem jaut\u0101jumiem. \u00a0T\u0101pat ieskic\u0113ta metodika, pras\u012bbas da\u017e\u0101du parametru m\u0113r\u012bjumiem, m\u0113r\u012bjumu veik\u0161ana un paraugu ieguve divu gadu garum\u0101, k\u0101 ar\u012b projekta ietvaros veiktie apr\u0113\u0137ini.<\/p>\n\n\n\n<p><strong><a href=\"https:\/\/www.orgbalt.eu\/wp-content\/uploads\/2024\/08\/LIFE-OrgBalt_6th-technical-article_final.pdf\" target=\"_blank\" rel=\"noreferrer noopener\">Raksts &#8220;Augsnes SEG pl\u016bsmu m\u0113r\u012bjumi LIFE OrgBalt projekt\u0101&#8221; las\u0101ms \u0160EIT >>><\/a><\/strong><\/p>\n","protected":false},"excerpt":{"rendered":"<p>Viens no LIFE OrgBalt projekta pamatuzdevumiem ir augsnes siltumn\u012bcefekta g\u0101zu (SEG) bilances nov\u0113rt\u0113\u0161ana, \u012bpa\u0161i attiec\u012bb\u0101 uz oglek\u013ca dioks\u012bdu (CO2), bet ar\u012b attiec\u012bb\u0101 uz met\u0101nu (CH4) un disl\u0101pek\u013ca oks\u012bdu (N2O). Tom\u0113r [&hellip;]<\/p>\n","protected":false},"author":2,"featured_media":0,"parent":3702,"menu_order":0,"comment_status":"closed","ping_status":"closed","template":"","meta":{"footnotes":""},"class_list":["post-5034","page","type-page","status-publish","hentry"],"post_mailing_queue_ids":[],"_links":{"self":[{"href":"https:\/\/www.orgbalt.eu\/index.php?rest_route=\/wp\/v2\/pages\/5034","targetHints":{"allow":["GET"]}}],"collection":[{"href":"https:\/\/www.orgbalt.eu\/index.php?rest_route=\/wp\/v2\/pages"}],"about":[{"href":"https:\/\/www.orgbalt.eu\/index.php?rest_route=\/wp\/v2\/types\/page"}],"author":[{"embeddable":true,"href":"https:\/\/www.orgbalt.eu\/index.php?rest_route=\/wp\/v2\/users\/2"}],"replies":[{"embeddable":true,"href":"https:\/\/www.orgbalt.eu\/index.php?rest_route=%2Fwp%2Fv2%2Fcomments&post=5034"}],"version-history":[{"count":1,"href":"https:\/\/www.orgbalt.eu\/index.php?rest_route=\/wp\/v2\/pages\/5034\/revisions"}],"predecessor-version":[{"id":5035,"href":"https:\/\/www.orgbalt.eu\/index.php?rest_route=\/wp\/v2\/pages\/5034\/revisions\/5035"}],"up":[{"embeddable":true,"href":"https:\/\/www.orgbalt.eu\/index.php?rest_route=\/wp\/v2\/pages\/3702"}],"wp:attachment":[{"href":"https:\/\/www.orgbalt.eu\/index.php?rest_route=%2Fwp%2Fv2%2Fmedia&parent=5034"}],"curies":[{"name":"wp","href":"https:\/\/api.w.org\/{rel}","templated":true}]}}