{"id":5395,"date":"2024-08-22T17:41:28","date_gmt":"2024-08-22T14:41:28","guid":{"rendered":"https:\/\/www.orgbalt.eu\/?page_id=5395"},"modified":"2024-11-22T16:25:41","modified_gmt":"2024-11-22T13:25:41","slug":"d1-projekta-aktivitasu-ieviesanas-monitorings","status":"publish","type":"page","link":"https:\/\/www.orgbalt.eu\/?page_id=5395&lang=lv","title":{"rendered":"D1- Projekta aktivit\u0101\u0161u ievie\u0161anas monitorings"},"content":{"rendered":"\n<h6 class=\"wp-block-heading\">M\u0113r\u0137i: <\/h6>\n\n\n\n<p>\u0160\u012b aktivit\u0101te ietver projekt\u0101 \u012bstenoto pas\u0101kumu ietekmes uz SEG emisij\u0101m nov\u0113rt\u0113\u0161anu demonstr\u0101cijas viet\u0101s, kas izveidotas C.3. aktivit\u0101t\u0113, un identific\u0113to ietekmju sal\u012bdzin\u0101\u0161anu ar monitoringa vadl\u012bnij\u0101s noteiktajiem m\u0113r\u0137a r\u0101d\u012bt\u0101jiem. Monitoringa aktivit\u0101tes tiks veiktas saska\u0146\u0101 ar projekta ietekmes monitoringa vadl\u012bnij\u0101m, kas izstr\u0101d\u0101tas projekta s\u0101kotn\u0113j\u0101 posm\u0101.<\/p>\n\n\n\n<h6 class=\"wp-block-heading\">Nodevumi:<\/h6>\n\n\n\n<ul class=\"wp-block-list\">\n<li><a href=\"https:\/\/www.orgbalt.eu\/wp-content\/uploads\/2024\/11\/2021_D1_1_Initial-Monitoring-report_.pdf\" target=\"_blank\" rel=\"noreferrer noopener\"><strong>D.1.1. S\u0101kotn\u0113jais monitoringa zi\u0146ojums<\/strong><\/a><\/li>\n\n\n\n<li><a href=\"https:\/\/www.orgbalt.eu\/wp-content\/uploads\/2024\/11\/2022_D1_2_-Midterm-monitoring-report_.pdf\" target=\"_blank\" rel=\"noreferrer noopener\"><strong>D.1.2. Vidusposma monitoringa zi\u0146ojums<\/strong><\/a><\/li>\n\n\n\n<li><a href=\"https:\/\/www.orgbalt.eu\/wp-content\/uploads\/2024\/11\/2024_D1_3_-Final-monitoring-report_.pdf\" target=\"_blank\" rel=\"noreferrer noopener\"><strong>D.1.3. Nosl\u0113guma monitoringa zi\u0146ojums<\/strong><\/a><\/li>\n<\/ul>\n","protected":false},"excerpt":{"rendered":"<p>M\u0113r\u0137i: \u0160\u012b aktivit\u0101te ietver projekt\u0101 \u012bstenoto pas\u0101kumu ietekmes uz SEG emisij\u0101m nov\u0113rt\u0113\u0161anu demonstr\u0101cijas viet\u0101s, kas izveidotas C.3. aktivit\u0101t\u0113, un identific\u0113to ietekmju sal\u012bdzin\u0101\u0161anu ar monitoringa vadl\u012bnij\u0101s noteiktajiem m\u0113r\u0137a r\u0101d\u012bt\u0101jiem. Monitoringa aktivit\u0101tes [&hellip;]<\/p>\n","protected":false},"author":2,"featured_media":0,"parent":2797,"menu_order":0,"comment_status":"closed","ping_status":"closed","template":"","meta":{"footnotes":""},"class_list":["post-5395","page","type-page","status-publish","hentry"],"post_mailing_queue_ids":[],"_links":{"self":[{"href":"https:\/\/www.orgbalt.eu\/index.php?rest_route=\/wp\/v2\/pages\/5395","targetHints":{"allow":["GET"]}}],"collection":[{"href":"https:\/\/www.orgbalt.eu\/index.php?rest_route=\/wp\/v2\/pages"}],"about":[{"href":"https:\/\/www.orgbalt.eu\/index.php?rest_route=\/wp\/v2\/types\/page"}],"author":[{"embeddable":true,"href":"https:\/\/www.orgbalt.eu\/index.php?rest_route=\/wp\/v2\/users\/2"}],"replies":[{"embeddable":true,"href":"https:\/\/www.orgbalt.eu\/index.php?rest_route=%2Fwp%2Fv2%2Fcomments&post=5395"}],"version-history":[{"count":4,"href":"https:\/\/www.orgbalt.eu\/index.php?rest_route=\/wp\/v2\/pages\/5395\/revisions"}],"predecessor-version":[{"id":5672,"href":"https:\/\/www.orgbalt.eu\/index.php?rest_route=\/wp\/v2\/pages\/5395\/revisions\/5672"}],"up":[{"embeddable":true,"href":"https:\/\/www.orgbalt.eu\/index.php?rest_route=\/wp\/v2\/pages\/2797"}],"wp:attachment":[{"href":"https:\/\/www.orgbalt.eu\/index.php?rest_route=%2Fwp%2Fv2%2Fmedia&parent=5395"}],"curies":[{"name":"wp","href":"https:\/\/api.w.org\/{rel}","templated":true}]}}