{"id":5482,"date":"2024-08-23T10:24:04","date_gmt":"2024-08-23T07:24:04","guid":{"rendered":"https:\/\/www.orgbalt.eu\/?page_id=5482"},"modified":"2024-08-23T10:24:06","modified_gmt":"2024-08-23T07:24:06","slug":"oglekla-kreditu-tirgus-iespejas-un-izaicinajumi","status":"publish","type":"page","link":"https:\/\/www.orgbalt.eu\/?page_id=5482&lang=lv","title":{"rendered":"Oglek\u013ca kred\u012btu tirgus iesp\u0113jas un izaicin\u0101jumi"},"content":{"rendered":"\n<p>Oglek\u013ca kred\u012btu sist\u0113ma ir viens no instrumentiem k\u0101 samazin\u0101t siltumn\u012bcefekta g\u0101zu emisijas pasaul\u0113. Oglek\u013ca kred\u012bts ir tirgojama vien\u012bba, kas nosaka vienas metrisk\u0101s tonnas oglek\u013ca dioks\u012bda (CO\u2082), vai t\u0101 ekvivalenta cit\u0101s siltumn\u012bcefekta g\u0101z\u0113s, emisiju samazin\u0101\u0161anu. \u0160os kred\u012btus var izsniegt, \u012bstenojot projektus, kas samazina vai nov\u0113r\u0161 emisijas, piem\u0113ram, atjaunojam\u0101s ener\u0123ijas iek\u0101rtas, energoefektivit\u0101tes uzlabojumi vai apme\u017eo\u0161anas pas\u0101kumi.<\/p>\n\n\n\n<p>ZIZIMM sektors var gan emit\u0113t siltumn\u012bcefekta g\u0101zes, gan piesaist\u012bt oglekli. T\u0101p\u0113c tam ir b\u016btiska vieta oglek\u013ca kred\u012btu tirgos.<\/p>\n\n\n\n<p>Rakst\u0101 ir ieskic\u0113ti da\u017e\u0101di oglek\u013ca kred\u012btu tirgus aspekti. Viens no tiem ir saist\u012bts ar l\u012bdz \u0161im Eiropas Savien\u012bb\u0101 paveikto \u0161aj\u0101 jom\u0101, tostarp ES tirdzniec\u012bbas sist\u0113ma (EU ETS), nozar\u0113m, kur\u0101m ir oblig\u0101ta pras\u012bba ieg\u0101d\u0101ties EU ETS kred\u012btus, k\u0101 ar\u012b ierosin\u0101to sertifik\u0101cijas sist\u0113mu. Aprakst\u012bta ar\u012b t\u0101du projektu k\u0101 LIFE OrgBalt loma jaun\u0101 regul\u0113juma izstr\u0101d\u0113. Rakst\u0101 apl\u016bkoti ar\u012b jaut\u0101jumi saist\u012bb\u0101 ar br\u012bvpr\u0101t\u012bg\u0101m oglek\u013ca sh\u0113m\u0101m un oglek\u013ca kred\u012btu uzticam\u012bbu.<\/p>\n\n\n\n<h6 class=\"wp-block-heading\"><a href=\"https:\/\/www.orgbalt.eu\/wp-content\/uploads\/2024\/08\/7th-popular-article.pdf\" target=\"_blank\" rel=\"noreferrer noopener\">Publik\u0101cija &#8220;Oglek\u013ca kred\u012btu tirgus iesp\u0113jas un izaicin\u0101jumi&#8221; pieejama \u0160EIT>>><\/a><\/h6>\n","protected":false},"excerpt":{"rendered":"<p>Oglek\u013ca kred\u012btu sist\u0113ma ir viens no instrumentiem k\u0101 samazin\u0101t siltumn\u012bcefekta g\u0101zu emisijas pasaul\u0113. Oglek\u013ca kred\u012bts ir tirgojama vien\u012bba, kas nosaka vienas metrisk\u0101s tonnas oglek\u013ca dioks\u012bda (CO\u2082), vai t\u0101 ekvivalenta cit\u0101s [&hellip;]<\/p>\n","protected":false},"author":2,"featured_media":0,"parent":3702,"menu_order":0,"comment_status":"closed","ping_status":"closed","template":"","meta":{"footnotes":""},"class_list":["post-5482","page","type-page","status-publish","hentry"],"post_mailing_queue_ids":[],"_links":{"self":[{"href":"https:\/\/www.orgbalt.eu\/index.php?rest_route=\/wp\/v2\/pages\/5482","targetHints":{"allow":["GET"]}}],"collection":[{"href":"https:\/\/www.orgbalt.eu\/index.php?rest_route=\/wp\/v2\/pages"}],"about":[{"href":"https:\/\/www.orgbalt.eu\/index.php?rest_route=\/wp\/v2\/types\/page"}],"author":[{"embeddable":true,"href":"https:\/\/www.orgbalt.eu\/index.php?rest_route=\/wp\/v2\/users\/2"}],"replies":[{"embeddable":true,"href":"https:\/\/www.orgbalt.eu\/index.php?rest_route=%2Fwp%2Fv2%2Fcomments&post=5482"}],"version-history":[{"count":1,"href":"https:\/\/www.orgbalt.eu\/index.php?rest_route=\/wp\/v2\/pages\/5482\/revisions"}],"predecessor-version":[{"id":5483,"href":"https:\/\/www.orgbalt.eu\/index.php?rest_route=\/wp\/v2\/pages\/5482\/revisions\/5483"}],"up":[{"embeddable":true,"href":"https:\/\/www.orgbalt.eu\/index.php?rest_route=\/wp\/v2\/pages\/3702"}],"wp:attachment":[{"href":"https:\/\/www.orgbalt.eu\/index.php?rest_route=%2Fwp%2Fv2%2Fmedia&parent=5482"}],"curies":[{"name":"wp","href":"https:\/\/api.w.org\/{rel}","templated":true}]}}